= 4*y - 20. What are the prime factors of d?
3, 7
Suppose r = 3*r - 34. Let c = -24 - r. Let d = c - -70. What are the prime factors of d?
29
Suppose 3*p + 284 = 4*q, -q - 4*q = 3*p + 320. Let g = p - -191. What are the prime factors of g?
7, 13
Suppose 4*f - 370 = -2*l - 62, -f + 77 = -2*l. Let m = 176 - f. List the prime factors of m.
3, 11
Let a(y) = y**3 + 3*y**2 + 6*y + 1921. List the prime factors of a(0).
17, 113
Let h = -55 - -95. Let p = h + -28. Let v(x) = -x**3 + 11*x**2 + 14*x + 16. What are the prime factors of v(p)?
2, 5
Let x = 353 + -142. List the prime factors of x.
211
Let m(k) be the first derivative of -k**4/4 - 31*k**3/3 + 12*k**2 - 47*k - 13. List the prime factors of m(-32).
11, 19
Suppose 3*p = 8 + 1. Suppose 4*d = -f + 3, -p*f = 5*d - 2*d - 9. Suppose f*g - 7 = 26. List the prime factors of g.
11
Let c be 24/(-36) + (-82)/(-6). Suppose p + c - 64 = 0. List the prime factors of p.
3, 17
Suppose -6*h = -3*h - 21. Suppose h = v + 16. Let m(i) = -i + 4. What are the prime factors of m(v)?
13
Let k(z) = z**3 + 18*z**2 - 48*z - 62. List the prime factors of k(-18).
2, 401
Suppose -f - 2*i = 0, -3*i = -f - i. Suppose 3*d = 4*k - 617, -5*d + f*d = k - 160. List the prime factors of k.
5, 31
Let m = -388 + 271. Let k = -735 - -667. Let s = k - m. List the prime factors of s.
7
Suppose 5*m - 20535 = -2*v, -79*v + 20535 = 5*m - 74*v. What are the prime factors of m?
3, 37
Let i(n) = 10*n**2 - 55*n + 18. List the prime factors of i(11).
7, 89
Let i(o) = 31*o + 9. Let k(p) = p - 1. Let x(z) = i(z) - 2*k(z). Let j(h) = 5*h + 2. Let f(d) = -34*j(d) + 6*x(d). What are the prime factors of f(4)?
2, 7
Suppose 5*p - 2*n - 30 = 85, 0 = p - 4*n - 5. Suppose -324 = -p*a + 23*a. List the prime factors of a.
2, 3
Suppose 4*n - 451 = -w - 0*n, 4*w + 3*n = 1856. What are the prime factors of w?
467
Suppose 3*g - 11 = 31. Suppose g = -5*z - 71. Let j = z + 19. What are the prime factors of j?
2
Let w(q) = 7*q**2 + q - 5. Let u be w(-3). Suppose 7*r - u = 15. List the prime factors of r.
2, 5
Let k(p) = 2*p**3 - 23*p**2 - 11*p + 26. Let l(m) = -3*m**3 + 35*m**2 + 17*m - 39. Let v(z) = -8*k(z) - 5*l(z). What are the prime factors of v(7)?
2, 53
Let m = -42 + 47. Let g(n) = 17*n - 2. List the prime factors of g(m).
83
Let q be (2 - 418/(-4))/((-9)/(-12)). Suppose 14 + q = 12*p. What are the prime factors of p?
13
Suppose 0 = t + 4, 3*t = -k + 2*t + 1. Suppose k*w = 4*d + 35 + 15, -4*w = 4*d - 76. What are the prime factors of w?
2, 7
Suppose 8*p = 7*p - 2. List the prime factors of 114 + (-2)/p + (8 - 4).
7, 17
List the prime factors of 1899/15 + 2 - (-4)/10.
3, 43
Let u = 1112 + -657. What are the prime factors of u?
5, 7, 13
Suppose 7*w = 15*w - 16. Suppose 0 = 3*q + w*q - 255. What are the prime factors of q?
3, 17
Suppose -3*p - 2 = -4*p. Suppose p*q - 9 = -q. Let n(b) = -b**3 + 2*b**2 + 3*b + 3. List the prime factors of n(q).
3
Suppose -6*i - 37373 = -13*i. List the prime factors of i.
19, 281
Let v be (-1288)/21*(-9)/(-3). List the prime factors of (v/(-16))/((-2)/(-40)).
2, 5, 23
Suppose 4*v + 0*v = 48. Let m be v/(-42) - 30/(-7). Suppose 2*h = m*s - 40, -6*h + h + 10 = 0. List the prime factors of s.
11
Suppose 2*x + 3*x - 25 = 0. Suppose -11 = -4*t - 4*s + x*s, 3*t + s - 17 = 0. List the prime factors of -4 - (-5 + t)*41.
37
Let m(t) = 2*t**2 - 34*t + 31. Let f be m(13). Let l = f - -122. List the prime factors of l.
7
Let m be ((-4)/22 - 8/(-44))/(-2). What are the prime factors of 2 + 0 + 0 + 90 + m?
2, 23
Suppose 2*j - x = 4, 0 = 2*j - 3*j + 2*x - 4. Suppose j*d - 31 = 9. List the prime factors of d.
2, 5
Let i(m) = -m**2 - 10*m + 12. Let h be i(-10). Suppose h*d - 14*d + 16 = 0. What are the prime factors of d?
2
Let a(u) = 6*u - 2. Let h = -3 - -6. Let l be a(h). Let o = 29 - l. What are the prime factors of o?
13
Suppose i + 3*r + 3 = -5, -3*r + 94 = -5*i. Let a = i + 17. Suppose 0*c - 2*c + 74 = a. What are the prime factors of c?
37
Let z = 2474 - 1332. List the prime factors of z.
2, 571
What are the prime factors of (-13698)/15*(-45)/27?
2, 761
Let d = -44 - -45. Suppose a = -f + 33, 5*a + d = 4*f + 184. What are the prime factors of a?
5, 7
Let v(i) = 7*i + 3. Let q be v(-5). Let g = q + 33. What are the prime factors of (-3)/(-3) + 46/g?
47
Let f(w) be the third derivative of w**5/30 + 5*w**4/24 + w**3 + 3*w**2. What are the prime factors of f(3)?
3, 13
Let r = -89 - -11. Let w = 143 + r. What are the prime factors of w?
5, 13
Suppose -3*h - 14 = -17, 4*k = 5*h + 727. List the prime factors of k.
3, 61
Let j = -53 - -55. Suppose -5*s + j*s = -264. What are the prime factors of s?
2, 11
Suppose -5*s + 6 = 3*l, -s - 2 = -2*l + 15. What are the prime factors of 1324/l + (-13)/91?
3, 7
Let z = -90 - -60. Let s = z + 46. List the prime factors of (-8 + s)*(-2)/(-4).
2
Let r = 45 + 1185. What are the prime factors of r?
2, 3, 5, 41
Suppose -15062 = -3*b - 5*q + 509, -4*b - 3*q + 20743 = 0. List the prime factors of b.
2, 2591
Let z = -2444 + 3679. List the prime factors of z.
5, 13, 19
Let s = 855 - 213. What are the prime factors of s?
2, 3, 107
Let w be (0 - (-1)/2)*(50 + -50). Suppose 66 + 52 = v - m, -5*v - 3*m + 606 = w. List the prime factors of v.
2, 3, 5
Suppose -2*p + 1770 = 4*m, -3*m + 0*p + 1340 = -p. List the prime factors of m.
5, 89
Let z = 28 - 26. Suppose z*v = -x + 124, 0*v - 2*v = -4*x - 124. What are the prime factors of v?
2, 31
What are the prime factors of (-4)/(-18) - 111924/(-81)?
2, 691
Let n be ((-6)/(-2) - 1)*(-975)/(-26). Suppose 0 = -2*o - 3*x + n + 59, x = -4*o + 248. List the prime factors of o.
61
List the prime factors of (2517 - -39)*(-1)/(-3).
2, 3, 71
Suppose 4*o + 4*d - d = 524, o + 5*d = 148. Suppose -4*m + 36 = -o. Suppose -v + m = 5*g - 37, 0 = 5*g + 4*v - 87. What are the prime factors of g?
3, 5
Let c(k) = -k + 6. Let w be c(4). Suppose 0 = -w*j + 6*j - 12. Suppose -28 = -m + j. List the prime factors of m.
31
List the prime factors of (-82)/(4*(-3)/456).
2, 19, 41
Let o be 7 - (-4 + 7 + (-3 - -1)). Suppose 149 = o*l + 5. What are the prime factors of l?
2, 3
Let o = -25 - -63. List the prime factors of (-3)/(-2 - (-73)/o).
2, 19
Let a be -1 - ((-444)/16)/(3/(-8)). Let l be 4/(16/(-18))*-26. Let c = a + l. What are the prime factors of c?
2, 3, 7
Let c be 244 + -2 + 2 - -3. Suppose 4*b - c = -3*x, 18 = x - 4*b - 59. List the prime factors of x.
3
Let p(n) = n**3 + 9*n**2 + 7*n - 4. Let t be p(-8). Let l(i) = i**3 - 3*i + 2. Let r be l(2). What are the prime factors of (t/(-10))/(r/(-40))?
2
Suppose 0 = f - 0*f. Suppose 0 = -6*v - f*v + 210. What are the prime factors of v?
5, 7
Let b be 4301/(-138) + 2/12. Let k = -16 - b. What are the prime factors of k?
3, 5
Let o = -37 + 45. Suppose -1210 = -5*w - 5*q, -7*q = 4*w - o*q - 953. What are the prime factors of w?
239
Let a = 32 - 44. Let k(t) = -t**2 - 12*t + 10. What are the prime factors of k(a)?
2, 5
Let k = -976 + 2004. List the prime factors of k.
2, 257
Let h = 5 + -2. Suppose -14 = 2*i - h*i. Suppose 2*v - i = -2*w + 38, 52 = 2*v + 4*w. What are the prime factors of v?
2, 13
Let o = 1220 + 312. List the prime factors of o.
2, 383
Let t be (-1)/((-4)/(-10))*(-5 + 3). List the prime factors of 10*t/25*3.
2, 3
Suppose -i + 28*i = 28134. List the prime factors of i.
2, 521
Suppose 2*z - 5 - 7 = 0. Suppose -z*h + 252 = -0*h. List the prime factors of h.
2, 3, 7
Let c be (6 - -5) + 0/3. Suppose 4*r + c = -n, -4 = 2*n - 4*r - 18. Suppose -n = i - 19. What are the prime factors of i?
2, 3
Let a(z) = z**3 + z**2. Let y(d) = d**3 + 4*d**2 - 7*d + 4. Let u(i) = 2*a(i) - y(i). Let k be u(4). List the prime factors of (k/(-6))/(10/(-45)).
2, 3, 7
List the prime factors of (-18722)/(-14) + 406/(-49) + 8.
7, 191
What are the prime factors of -1 + 3399 - (33 - 31)?
2, 3, 283
List the prime factors of (-16)/(-4) - (1 + -58) - 3.
2, 29
Let c(b) = -b**3 - b**2 + 2*b + 2. Let j(d) = d - 2. Let y be j(-6). Let a(q) = q**3 + 8*q**2 - 3. Let g be a(y). List the prime factors of c(g).
2, 7
Let s(i) = i - 12. Let w be s(0). What are the prime factors of 6/w*(-3)/(-1)*-94?
3, 47
Suppose 5*q - 19 - 6 = 0. Suppose -q*o - 6 = -3*c, 2*c - 2*o + 0*o = 4. Suppose 5*z + c = 12. What are the prime factors of z?
2
Let l(i) = -i**3 - 2*i**2 + 5*i + 3. Let n(z) = -z -